ppose -3*h + 7*h - 4 = 0. Let a(o) be the first derivative of 5*o**3/3 - o**2/2 + 89. Determine a(h).
4
Let x(h) = -44*h - 5. Let n(w) = -15*w - 2. Let o(j) = 17*n(j) - 6*x(j). Let t(v) = 2*v - 1. Let d(l) = 6*o(l) - 26*t(l). What is d(-5)?
-8
Let x(b) be the second derivative of -b**3/6 - 2*b**2 - 2*b. Suppose 0*l - 10 = -2*l. Calculate x(l).
-9
Let s(y) = y**3 - 13*y**2 - y + 14. Let z be s(13). Let g(q) = 8*q**2 + 2*q - 1. What is g(z)?
9
Let q(l) = l**2 + 12*l + 6. Suppose -2*m = 2*m + 48. Let g be q(m). Let x(p) = 3*p - 5 + 0*p - 2*p. Give x(g).
1
Let z(v) = -2*v - 2. Let n(p) = -p**3 + 22*p**2 + 22*p + 20. Let o be n(23). Calculate z(o).
4
Let i(o) = o**2 + 5*o - 2. Let k = 40 - 58. Let t = -22 - k. What is i(t)?
-6
Let z(v) = 2 - v - 4*v - v**2 + 5. Suppose 2*q + 10 = -2. Calculate z(q).
1
Let i(q) = -q**3 - 5*q**2 + 7*q + 8. Let j be 6/9*-3 + -4. Determine i(j).
2
Let o = -1 - 2. Let f(v) be the third derivative of v**4/24 + v**3/3 - 6*v**2. Calculate f(o).
-1
Suppose 4*p + 0*p = -20. Let s = p - -10. Suppose 12 = s*o - 0*k - 3*k, k = -o - 4. Let f(h) = -h**3 - h + 6. What is f(o)?
6
Let t(k) = 2*k - 1. Let i(w) = w - 2. Let b be i(-6). Suppose -3 = -y + 2. Let c = y + b. Give t(c).
-7
Let p(x) = -x**3 - 5*x**2 - 3*x - 7. Suppose 15 + 17 = 2*l. Suppose -3*g - u - l = 0, -5*g - 2*u = 2*u + 29. Determine p(g).
8
Let g(b) = 15*b**3 - 30*b**3 + 2*b**2 + 16*b**3. Give g(-2).
0
Let i(k) = -k**2 + 4*k - 3. Let p(q) = 4 + q - 6 - 2*q + 4*q - q**2. Suppose -8 = 4*v - 2*v. Let t(s) = v*p(s) + 3*i(s). Calculate t(0).
-1
Let n = 0 + 2. Suppose n*a + 4 = -2. Let g(x) = x - 7. Let h(m) = -6. Let z(i) = 2*g(i) - 3*h(i). Calculate z(a).
-2
Let f(a) = a**3 + 4*a**2 + a - 4. Let t be f(-3). Let z(p) = -2*p + t*p + 3*p + 6*p**2 - 5*p**2 - 3. Determine z(-4).
1
Let y(d) be the second derivative of d**6/360 + d**5/20 - d**4/4 + 6*d. Let m(h) be the third derivative of y(h). Calculate m(-5).
-4
Let a(o) = 2*o - 3*o - 1 + 8 + o**3 + 2*o**2 - 8*o**2. Suppose 16 = 4*w - 8. Give a(w).
1
Let p(z) be the first derivative of 0*z**2 - 3/2*z**4 + 1 + 0*z + 1/3*z**3. Calculate p(1).
-5
Let h be (5 - 4)/1 - -14. Suppose -3*j = h, 5*r - 7 - 3 = -5*j. Let z(k) = -k - 4. Determine z(r).
-11
Let v(o) = -21*o + 1. Let y be v(-1). Suppose -3*g - y = -b - 6, -b + 5*g = -22. Let r(f) = -2 + 3 + f - b*f**3 - 4*f**2 + 3*f**2. Determine r(-1).
6
Let u = -31 - -19. Let r = 5 + u. Let q = 11 + r. Let k(v) = -v**2 + 2*v + 2. Calculate k(q).
-6
Let y = 18 - 18. Suppose 0 = l - y - 5. Let a(q) be the second derivative of q**4/12 - q**3/3 - 5*q**2/2 - q. Calculate a(l).
10
Let i(r) = r. Let q(a) = 3*a. Let v(x) = -4*i(x) + q(x). What is v(5)?
-5
Let k = -9 + 10. Let q(s) = -12*s**2 + s. Determine q(k).
-11
Let x(s) = -s**2 - s + 1. Let f(y) = y**3 + 10*y**2 + y + 1. Let o(n) = -f(n) - 5*x(n). Let g(j) = j**2 + 5*j - 6. Let t be g(-5). Give o(t).
6
Let p be 6 - ((-2)/2 + 0). Let j(v) = p*v**3 + 3 + 0*v**3 - 6*v**3 - 3*v**2. Let o be (-6)/4*2/(-1). Determine j(o).
3
Let v(h) = -h + 3. Let r(b) = 13*b**2 + 5*b - 19. Let f(c) = -7*c**2 - 2*c + 10. Let d(l) = -11*f(l) - 6*r(l). Let w be d(-9). Determine v(w).
8
Let u be -2*((-15)/6 - -1). Let p(t) = 2*t**3 + 5 - 3*t**u - 3*t + 4*t**3 - 2*t**3 + 3*t**2. Give p(-4).
1
Let t(p) be the third derivative of p**7/2520 + p**6/720 - 3*p**5/40 - p**4/6 - 3*p**2. Let z(k) be the second derivative of t(k). Calculate z(0).
-9
Let s(c) be the third derivative of c**6/120 - c**5/20 + c**4/12 - c**3/3 + 7*c**2. Give s(3).
4
Let b be 2/((-3)/(-7 - -1)). Let k(w) = -124 + 127 + w - 2*w. Calculate k(b).
-1
Let c(k) be the first derivative of -5/3*k**3 - 1/4*k**4 + 3/2*k**2 - 3 + 6*k. What is c(-5)?
-9
Let t(o) = 8 + 3*o**3 + o**3 - 2*o - 9 + 0*o**3. Determine t(-1).
-3
Let p(s) be the first derivative of -s**3/3 + s**2 - s - 1. Let c = 6 - 5. Determine p(c).
0
Suppose 4*l - v - 4 = 0, 0 = 3*l - 2*l + 3*v - 1. Let s(d) = -5*d - 1. Determine s(l).
-6
Let h(o) = o. Let z be (-6)/((-3 - -3) + -2). Let v = 8 - z. Give h(v).
5
Let v be (3 - 1) + -1 - 1. Suppose -3*x - x + 8 = v. Let n(q) = -2*q - q**x - 2 - 4*q - 3. What is n(-5)?
0
Let i be (-31)/7 + 12/28. Let z be (-2 - 1) + 3 + i. Let u(a) = -a + 5. What is u(z)?
9
Let m be -3 + (0/7 - 1) + 0. Let y(j) = 4*j - 6. Let r(s) = 7*s - 11. Let t(l) = 3*r(l) - 5*y(l). Give t(m).
-7
Let g(w) be the first derivative of -w**3/3 - 3*w**2 - 2*w + 3. What is g(-3)?
7
Let g(h) = 4*h + 1. Let t(d) = -d**3 + 3*d**2 + 3*d + 5. Let o be t(4). What is g(o)?
5
Let x(o) = -2*o**2 - 5*o - 2. Suppose -4*j = -12 + 24. Give x(j).
-5
Let o(j) = 8*j**2 - 7*j**2 + 2 - 5 + 4 - 10*j. Determine o(8).
-15
Let l be -3 - (6/2 + 2). Let o(f) = f**2 + 7*f - 11. Let p be o(l). Let c(v) = -v**3 - 2*v**2 + 5*v + 3. Calculate c(p).
-3
Let z(c) = -c**2 + 7*c - 6. Let o be z(5). Suppose 0*g + 6 = o*g - 3*q, -4*g + 2*q = -4. Let s(p) = -p + 2. What is s(g)?
2
Let r(w) = w**3 + 8*w**2 + 4*w + 6. Suppose 0 = -2*t + 6*t + 28. Determine r(t).
27
Suppose -26 + 10 = -3*i - 2*k, 0 = -2*i + 5*k + 17. Let o(l) = l - 7. Determine o(i).
-1
Let v(u) = -15*u**3 + 14*u**3 + 4*u**2 + 3 + 4*u + 3. What is v(5)?
1
Let l be (-5)/(-15) + 88/6. Let x be 6/l - 156/(-10). Suppose 3*w = -x - 2. Let j(z) = -z - 6. What is j(w)?
0
Let a(j) = -2*j - 4. Let g(r) = -5 + 0 + 5 + 2*r. Let l be g(-3). Determine a(l).
8
Let v(k) = k**3 - 4*k**2 - 7*k + 2. Suppose 3*x = -2*x - 10. Let m = 3 - x. What is v(m)?
-8
Let b(n) = n**3 - 2*n**2 - n + 1. Suppose -3*u + 24 = -u. Suppose h + 2*h = u. Suppose 3*c = -4*i - h, i + 3*i = -c + 4. Determine b(i).
-1
Let r(b) be the third derivative of -5*b**4/24 + b**3/6 - 23*b**2. Calculate r(-1).
6
Let a(p) = -9 - p - 3 + 12. Determine a(0).
0
Let k(y) be the first derivative of y**4/4 + 5*y**3/3 - y**2 - 6*y + 1. Suppose s = -62 + 57. What is k(s)?
4
Let g = 26 + -34. Let i(r) = r + 4. Calculate i(g).
-4
Let p(j) = -j - 12. Suppose -3*l = 2*v - 9, -2*v + 3 = -0*v + l. What is p(v)?
-12
Suppose -2*q + q + 7 = 0. Let w(o) = -2*o + 2. Let z(n) = 3*n - 3. Let j = -4 - -9. Let s(g) = j*z(g) + q*w(g). Calculate s(2).
1
Let d(l) = l**2 + 14*l + 14. Let n = 200 - 212. Determine d(n).
-10
Let a(u) be the first derivative of -u**4/4 + 7*u**3/3 - 3*u**2 - 6*u - 3. Determine a(6).
-6
Let m = 16 - 18. Let a(b) = -2*b**3 - b**2 + 2*b + 2. Calculate a(m).
10
Let y(w) be the first derivative of -1 + w**2 - 2*w + 2/3*w**3. Calculate y(-2).
2
Suppose 4*b + 2*j + 16 = 0, -5*b - 5*j - 12 - 8 = 0. Let m(y) = -4*y + 22. Let q(p) = p - 7. Let x(h) = -2*m(h) - 7*q(h). What is x(b)?
1
Let l(x) be the third derivative of -x**4/24 - x**3/3 - 16*x**2 - x. Let c be 1 - (12/(-3))/2. Calculate l(c).
-5
Let r(l) be the third derivative of l**6/120 + l**5/20 + l**4/6 + l**3/2 - 10*l**2. Give r(-2).
-1
Let l(r) be the first derivative of -2 - 1/2*r**2 - 1/3*r**3 - r + 1/4*r**4. Let w = 3 - 1. Give l(w).
1
Let g(m) = m**2 - 5*m + 4. Suppose 4 = -4*b + 24. Give g(b).
4
Let d(j) = 923 - 929 - 10*j - 2*j**3 + 9*j**2 + j**3. Calculate d(8).
-22
Suppose i = -0 + 3. Let n(r) = 3*r**2 + 4*r**2 - 2*r - 2*r**2 + r**3 + 4 - 7*r**2. Give n(i).
7
Let l(n) = -n + 6. Let r be l(4). Let a = r + 3. Let f(c) = -c + 6. Let b(z) = -z + 6. Let k(v) = 3*b(v) - 4*f(v). Give k(a).
-1
Let i(h) = -h**3 + 4*h**2 + 4*h - 2. Let j(k) = 2*k**3 - 9*k**2 - 7*k + 4. Let o(r) = -5*i(r) - 3*j(r). Give o(7).
5
Suppose 16 = -5*r + 1. Let z(y) be the second derivative of -y**3/3 - y**2/2 + y. Give z(r).
5
Let f = 5 + -13. Let h(q) = q**3 + 9*q**2 + 9*q + 9. Calculate h(f).
1
Let o(z) = z**3 + z + 7. Let v(j) = 2*j**2 - 8*j + 5. Let b(c) = -2*c**2 + 9*c - 6. Let x(m) = 5*b(m) + 6*v(m). Let l be x(2). Let s = l + -2. Determine o(s).
7
Let d(z) = z**2 + 5*z + 3. Suppose -47*v + 46*v = 6. Determine d(v).
9
Let h(c) be the first derivative of -c**3/3 - 2*c**2 + 8*c - 3. Let a be h(-5). Let t(b) = -b + 2. Let f(l) = l - 1. Let o(g) = -4*f(g) - 3*t(g). What is o(a)?
-5
Let w(i) be the second derivative of 5*i**4/12 + 11*i**3/6 - i**2/2 - 2*i. Let d(f) = 4*f**2 + 10*f - 1. Let q(a) = -6*d(a) + 5*w(a). Give q(4).
-3
Let x(n) = -n + 4. Let h(d) = -3*d + 8. Let k(z) = 4*h(z) - 9*x(z). Suppose -2*w + 2 - 8 = 0. Determine k(w).
5
Let c(h) = h**2 - 7*h + 6. Suppose 0*u = -u - q + 13, 0 = -3*u - 5*q + 33. Let g = -11 + u. What i